rime?
True
Is 4121 prime?
False
Is 14731 composite?
False
Is 1847 a composite number?
False
Is 2051993 a composite number?
True
Is 187 a composite number?
True
Is 194561 composite?
True
Is 14761 prime?
False
Is 6353 composite?
False
Is 543923 composite?
True
Is 136463 a composite number?
False
Is 19831 a prime number?
False
Is 3320651 a composite number?
False
Is 18805 a prime number?
False
Is 11381 composite?
True
Is 15149 composite?
False
Is 38039 a composite number?
False
Is 104603 a composite number?
True
Is 57593 a prime number?
True
Is 156307 prime?
True
Is 5807 a composite number?
False
Is 2005418 a prime number?
False
Is 110119 composite?
False
Is 1472501 composite?
False
Is 66349 prime?
False
Is 2779 a composite number?
True
Is 6046 prime?
False
Is 2077 composite?
True
Is 606929 prime?
False
Is 207883 composite?
True
Is 100679 composite?
True
Is 186607 a composite number?
True
Is 76379 prime?
True
Is 26029 a composite number?
False
Is 12953 prime?
True
Is 8006 prime?
False
Is 1281407 a prime number?
True
Is 10007 a prime number?
True
Is 203083 prime?
False
Is 25013 composite?
False
Is 253333 composite?
True
Is 203339 a composite number?
False
Is 571629 prime?
False
Is 3989 a prime number?
True
Is 51321 prime?
False
Is 9047 a prime number?
False
Is 9060743 prime?
True
Is 220327 a prime number?
True
Is 42899 a prime number?
True
Is 520471 prime?
False
Is 104659 prime?
True
Is 800729 a prime number?
True
Is 22583 composite?
True
Is 33071 a prime number?
True
Is 1502 a composite number?
True
Is 12469 a prime number?
False
Is 179363 a composite number?
True
Is 82387 a prime number?
True
Is 177 prime?
False
Is 6421 a composite number?
False
Is 56858 a composite number?
True
Is 83573 a prime number?
False
Is 2140657 prime?
False
Is 14569 a prime number?
False
Is 174281 prime?
True
Is 3655759 a prime number?
True
Is 287201 composite?
True
Is 220553 composite?
False
Is 2819 a prime number?
True
Is 17233 a prime number?
False
Is 61211 composite?
False
Is 2807879 a prime number?
True
Is 664643 a prime number?
False
Is 446869 a prime number?
False
Is 18457 a composite number?
False
Is 383329 composite?
True
Is 212161 a composite number?
False
Is 2153 composite?
False
Is 2831813 prime?
False
Is 1883939 a prime number?
True
Is 54118 a composite number?
True
Is 7753 a prime number?
True
Is 4271 a prime number?
True
Is 39499 a composite number?
False
Is 32251 composite?
False
Is 4765 composite?
True
Is 277157 a composite number?
False
Is 452627 a composite number?
True
Is 2839 a composite number?
True
Is 34189 prime?
False
Is 41903 prime?
True
Is 22937 a composite number?
False
Is 570602 a composite number?
True
Is 2498513 composite?
True
Is 519077 a composite number?
True
Is 22429 a composite number?
True
Is 3221 a composite number?
False
Is 8443 a composite number?
False
Is 224491 a composite number?
False
Is 4513 a prime number?
True
Is 29917 prime?
True
Is 13297 prime?
True
Is 2217 a prime number?
False
Is 167885 a prime number?
False
Is 12071 prime?
True
Is 24793 composite?
False
Is 682265 prime?
False
Is 149237 composite?
True
Is 341561 a prime number?
False
Is 288527 composite?
False
Is 100907 a prime number?
True
Is 50989 composite?
False
Is 1277803 composite?
False
Is 814387 a composite number?
True
Is 182701 a prime number?
True
Is 544105 a prime number?
False
Is 1823 composite?
False
Is 53479 prime?
True
Is 1827647 a prime number?
True
Is 76569 prime?
False
Is 141433 a prime number?
False
Is 36947 prime?
True
Is 516151 prime?
True
Is 43261 prime?
True
Is 1517695 composite?
True
Is 11983 prime?
False
Is 19181 prime?
True
Is 140977 a prime number?
True
Is 318367 composite?
True
Is 275021 a composite number?
True
Is 6839 prime?
False
Is 11203 composite?
True
Is 7393 a prime number?
True
Is 1001911 a prime number?
True
Is 95507 a prime number?
True
Is 95063 composite?
False
Is 250301 composite?
False
Is 7043 a composite number?
False
Is 35729 prime?
True
Is 8443 a prime number?
True
Is 306491 composite?
False
Is 4637 a composite number?
False
Is 613337 a prime number?
True
Is 12601 a prime number?
True
Is 679511 composite?
True
Is 1932559 a composite number?
True
Is 2777 a prime number?
True
Is 306121 a composite number?
False
Is 142685 composite?
True
Is 533 a prime number?
False
Is 805463 a composite number?
False
Is 185 a prime number?
False
Is 253201 composite?
True
Is 23267 a prime number?
False
Is 12219 composite?
True
Is 212447 a composite number?
False
Is 52961 composite?
True
Is 6427349 composite?
False
Is 26309 composite?
False
Is 184045 a prime number?
False
Is 138643 a prime number?
False
Is 9469 a composite number?
True
Is 4143 a composite number?
True
Is 239369 prime?
False
Is 8803 a composite number?
False
Is 234683 a prime number?
True
Is 22426 composite?
True
Is 23327 prime?
True
Is 10 a prime number?
False
Is 91909 prime?
True
Is 641 prime?
True
Is 289789 a composite number?
False
Is 30467 composite?
False
Is 21139 a prime number?
True
Is 38783 composite?
False
Is 65161 composite?
True
Is 49103 a composite number?
False
Is 245107 composite?
False
Is 950149 prime?
True
Is 11351 composite?
False
Is 1847 composite?
False
Is 38859 a prime number?
False
Is 1637 a composite number?
False
Is 30055 a prime number?
False
Is 39469 composite?
True
Is 328243 composite?
False
Is 16273 composite?
False
Is 11901 a composite number?
True
Is 2179 prime?
True
Is 2100913 prime?
True
Is 5354 prime?
False
Is 791 a composite number?
True
Is 123719 composite?
False
Is 1727063 prime?
False
Is 2530235 a prime number?
False
Is 717863 a composite number?
True
Is 3455 a composite number?
True
Is 149585 a composite number?
True
Is 397603 a prime number?
False
Is 11401 a prime number?
False
Is 10673 a composite number?
True
Is 406093 a composite number?
False
Is 7411 composite?
False
Is 32993 a prime number?
True
Is 92431 composite?
False
Is 738499 composite?
False
Is 233 prime?
True
Is 8779 a composite number?
False
Is 1299583 composite?
False
Is 122933 a prime number?
False
Is 34421 a composite number?
False
Is 27127 a composite number?
False
Is 21763 prime?
False
Is 1633 prime?
False
Is 21263 a prime number?
False
Is 761261 prime?
True
Is 3269963 a composite number?
False
Is 386203 a composite number?
True
Is 197711 a prime number?
True
Is 239831 a prime number?
True
Is 607613 composite?
True
Is 285251 prime?
True
Is 1136942 composite?
True
Is 182773 prime?
True
Is 11507 a prime number?
False
Is 156007 a prime number?
True
Is 320179 composite?
False
Is 105707 prime?
False
Is 707131 prime?
True
Is 9127 a composite number?
False
Is 916585 a prime number?
False
Is 1171433 a composite number?
True
Is 88069 a prime number?
True
Is 2357 a composite number?
False
Is 5227889 a prime number?
True
Is 41863 a prime number?
True
Is 962723 a composite number?
True
Is 67843 a composite number?
False
Is 677 a prime number?
True
Is 310423 prime?
True
Is 183373 a prime number?
True
Is 78959 a prime number?
False
Is 103289 a composite number?
False
Is 9609 prime?
False
Is 1309589 a prime number?
True
Is 39101 a prime number?
False
Is 518467 composite?
False
Is 992777 a composite number?
False
Is 5989 composite?
True
Is 2929 a composite number?
True
Is 1270193 prime?
True
Is 908711 a composite number?
False
Is 172619 a prime number?
True
Is 18181 composite?
False
Is 19001 a composite number?
False
Is 1949 a composite number?
False
Is 7817 a prime number?
True
Is 85679 a composite number?
True
Is 499 a prime number?
True
Is 9647 composite?
True
Is 17933 composite?
True
Is 240059 prime?
True
Is 3221 prime?
True
Is 134753 composite?
False
Is 77135 a prime number?
False
Is 110119 a composite number?
False
Is 241547 a composite number?
True
Is 73417 a prime number?
True
Is 87719 a composite number?
False
Is 224579 a composite number?
False
Is 73591 composite?
True
Is 8353 a composite number?
False
Is 1428389 composite?
False
Is 36965 composite?
True
Is 48463 a prime number?
True
Is 276851 composite?
True
Is 15131 a composite number?
False
Is 9803 a composite number?
False
Is 10907 composite?
True
Is 32811 prime?
False
Is 2142409 composite?
True
Is 457367 composite?
False
Is 73751 prime?
True
Is 46533 a prime number?
False
Is 911 composite?
False
Is 232129 prime?
True
Is 